t a = 6 - -19. Suppose 2*g - 35 = a. Calculate the greatest common factor of 15 and g.
15
Let p be (-30)/14*14/4*-24. Suppose -2*u = -5*u + p. What is the highest common divisor of 6 and u?
6
Let n(w) = 3*w + 49. Let u be n(-18). Let a be 37 - u*1/(-5). Calculate the greatest common factor of 12 and a.
12
Let j = -196 + 210. Calculate the greatest common divisor of 21 and j.
7
Let v be (-2)/3 + (-10)/(-6). Let p be (-35 + -1)/3 - v. Let s be 6/(-8)*-4 - p. What is the highest common divisor of 8 and s?
8
Suppose 2304 = 32*f + 40*f. Let u be (5 + -2)/((-3)/(-8)). What is the greatest common divisor of u and f?
8
Let g(n) = 61*n**2 + 8*n + 7. Let b be g(-1). Calculate the greatest common factor of 1470 and b.
30
Let m be 4/(-6) - (-208)/6. Suppose 5*i - m = 51. Let y be 17/((-156)/(-30) + -5). Calculate the highest common factor of i and y.
17
Suppose 3*f - 3*m - 498 = 0, 7 = 5*m - 13. What is the greatest common divisor of f and 68?
34
Suppose 5*i = 3*j - 0*j - 50, 4*j - 2*i = 62. Calculate the highest common divisor of j and 8.
1
Let j be (23 - 26)*(-2)/((-2)/(-15)). Let c = -8 + 12. Suppose -k - 54 = -c*k. What is the greatest common factor of j and k?
9
Let q = 2160 + -1184. What is the highest common divisor of q and 61?
61
Suppose 0 = -j - 2*j. Suppose -4*b - 4*y + 132 = j, 114 = 2*b + 2*b - 5*y. Calculate the greatest common divisor of 31 and b.
31
Let c = 367 + -3073. Let u be c/(-10) + 6/(-10). What is the greatest common factor of u and 10?
10
Let q(m) = 3*m**2 - m - 2. Let n be q(-5). Suppose -6 = -18*p + 16*p + 3*o, -4*p + 20 = -2*o. What is the highest common divisor of p and n?
6
Let k = -695 - -696. What is the highest common factor of 99 and k?
1
Suppose 0 = -18*m + 22*m + 116. Let n = m - -33. Calculate the greatest common divisor of n and 6.
2
Let d(t) = 8*t - 7 + 35 + 9*t - 16*t. Let y be d(-23). Calculate the highest common factor of 25 and y.
5
Let y(v) = -v + 26. Let r be y(8). Calculate the greatest common factor of 72 and r.
18
Suppose -2 = -p + 2*v, -4*v + 14 = 4*p - 3*p. What is the greatest common divisor of p and 54?
6
Let u(m) = -48*m + 88. Let j be u(-10). What is the highest common divisor of 8 and j?
8
Suppose 2*y = 26 - 6. Let u = 3589 - 3549. What is the greatest common factor of u and y?
10
Suppose 3*q - 16*q = -4004. What is the greatest common divisor of 11 and q?
11
Let d = 15 + -13. Suppose -94 - 152 = -d*o. Let p = o - 48. Calculate the greatest common divisor of 50 and p.
25
Let q be 8 + -1 + (-44)/11. Suppose q*z + 4*u - 82 = 0, -5*z + 3*u = -0*z - 98. Let l be -1 + 54 - (-13 + 11). Calculate the greatest common factor of z and l.
11
Let k be -1 + 331 - (-16 + 18). Calculate the highest common divisor of 8 and k.
8
Suppose -4*b + 416 + 208 = 0. Suppose 36*c = 23*c + b. Calculate the highest common divisor of 108 and c.
12
Let m = 22 - 18. Let k be (48 - -4) + (-16)/m. Let i = -9 - -21. What is the greatest common factor of i and k?
12
Suppose 1 + 3 = 2*c. Suppose -134 = -m - 3*z, -z + 600 = 3*m + c*m. Calculate the greatest common divisor of 17 and m.
17
Let c = -2 - -15. Calculate the greatest common factor of c and 52.
13
Let j be (-2 - -3) + 120/3. Let s be j/3 + (-2)/3. Suppose 3*t - 200 - 229 = 0. Calculate the greatest common divisor of s and t.
13
Let o be 20/150 - 2817/(-135). Calculate the highest common divisor of 161 and o.
7
Let b = -47 + 66. Let z(w) = 2*w**2 + 6. Let g be z(-4). Let p be ((-7)/(-7))/(2/g). What is the highest common divisor of p and b?
19
Suppose t - 1 = 3. Suppose -3*v + 303 = -2*b - 75, -t*v + 2*b = -504. What is the highest common factor of 14 and v?
14
Let s = 93 + -39. Calculate the highest common divisor of 30 and s.
6
Let c be ((-57)/(-12))/((-23)/(-828)). Calculate the greatest common divisor of 9 and c.
9
Suppose 6*s - 281 + 137 = 0. Let p be (7 + -1)/(1/6). Calculate the highest common divisor of p and s.
12
Suppose 0 = -0*p - p + 30. Let g = -34 - -37. Suppose 2 = -5*w + 22, -5*w - 25 = -g*i. Calculate the highest common factor of i and p.
15
Suppose -z + 184 = 2*i - 411, -314 = -i + 5*z. Calculate the highest common divisor of i and 46.
23
Let w = 208 - 112. Suppose p = -0*p + w. Suppose 2*d + p = 6*d. Calculate the greatest common divisor of 3 and d.
3
Let x(i) = i**2 - 19*i - 16. Suppose -2*g - 4*g = 48. Let z be x(g). Calculate the highest common factor of 25 and z.
25
Suppose 0 = -4*o - 75 + 95, 0 = 3*w + 4*o - 236. What is the highest common divisor of 9 and w?
9
Let g be (-5)/(15/4)*3. Let k = 5 + g. Let i be 429/6 - k/(-2). What is the highest common divisor of 12 and i?
12
Let k(d) = -d**3 + 8*d**2 + 5. Let p = -3 - -9. Let f be k(p). Let a be 22/f - (-1382)/14. What is the greatest common factor of a and 9?
9
Suppose -4*a + 8 = 3*d, 3*d = -2*a + 2*d + 4. Suppose 3*f = 4*k + 21, -4*f + 26 + a = -5*k. What is the greatest common divisor of f and 7?
7
Suppose -10*u + 9*u = -2. Suppose -3*f - 42 = -4*o - 2*f, -3*o + 26 = u*f. What is the greatest common factor of 80 and o?
10
Let f be (-48)/8 + 18 + 55. What is the greatest common divisor of f and 1809?
67
Let q = 38 + -20. Let d = q - 17. Suppose 19 = 3*o + d. Calculate the greatest common factor of 3 and o.
3
Let g be (-17)/(-34) + 470/4. What is the greatest common factor of 177 and g?
59
Suppose 0 = 3*t - 6 - 6, 4*l + 4*t = 16. Suppose 4*q + 5*k = 588, 2*q - 5*k + k - 320 = l. What is the greatest common divisor of q and 8?
8
Suppose -9*w + 144 = -3*w. Let f(z) = -12*z - 12. Let h be f(-5). Let p be ((-10)/(-4))/(20/h). Calculate the highest common factor of p and w.
6
Suppose 2*m = -1 - 9. Let q = m + 10. Calculate the greatest common divisor of 1 and q.
1
Let u(h) = h**3 + 0*h + h**3 - 2*h - 2*h**2. Let v be u(2). Let o = v - -6. What is the highest common divisor of 4 and o?
2
Suppose 15 = 4*s + 11. Suppose 11*l - 5*y = 7*l + 27, -12 = 4*y. What is the highest common factor of s and l?
1
Let n be 1026/228*2*-2. Let u = 117 + -215. Let w = n - u. What is the greatest common factor of w and 32?
16
Suppose 1953 = 4*k - 3*y - 1623, -5*y + 917 = k. Calculate the highest common factor of k and 39.
39
Let l(a) = -a**3 + 6*a**2 + 7*a + 10. Let d be l(7). Let o = -110 + 222. Let j = -32 + o. What is the highest common divisor of j and d?
10
Let i be (-1)/(-1) + -14 + 9. Let d be (1 - i/(16/164)) + -3. Calculate the highest common divisor of d and 3.
3
Let l(a) = -a**3 + 6*a**2 + 13*a - 26. Let m be l(7). Calculate the highest common divisor of m and 8.
8
Let n(p) = -45*p - 243. Let u be n(-7). What is the greatest common factor of u and 1368?
72
Let j(u) = u**3 + 12*u**2 + 10*u - 14. Let z be j(-11). Let p be (-6)/z*6/(-4). Let q be (96/(-3))/(-4) - p. What is the highest common factor of q and 99?
11
Let o(p) = -3*p**3 - 4*p**2 - 4*p - 2. Let r be o(-2). Suppose 0 = 4*l - 23 - 5. What is the highest common factor of l and r?
7
Let h = -19 + -24. Let l = h - -55. Calculate the highest common factor of 12 and l.
12
Suppose -27 = -3*h + 2*g, 31*h - 32*h - 2*g + 17 = 0. What is the highest common factor of 143 and h?
11
Let z(v) = 3*v**3 + 2*v**2 - 3*v + 1. Let g be z(2). Let n = 4 - 0. Let a be 2*6/n*3. Calculate the highest common divisor of a and g.
9
Let i(l) be the first derivative of -l**3/3 + 7*l**2/2 + 2*l + 1. Let x be i(6). Suppose 0 = 4*y - 53 - 171. What is the highest common divisor of y and x?
8
Suppose 6 - 1 = -n - r, 4*n - 4 = 4*r. Let x be (-1)/n + 155/10. Calculate the greatest common divisor of x and 112.
16
Let s = 1912 - 1181. Calculate the greatest common factor of s and 17.
17
Suppose 0 = 2*y - y - 5*t - 15, -3*y - 3*t = -81. What is the highest common factor of y and 450?
25
Let l be 224/5 + 8/40. What is the highest common divisor of 18 and l?
9
Suppose -2*c + 51 = -3*p, 5*p + 10 = c - 26. Calculate the greatest common divisor of c and 84.
21
Let x(u) = -5*u + 28. Let i be x(-9). Calculate the highest common divisor of i and 657.
73
Let t be 362/4 - 9/18. Suppose -4*u = 72 + 36. Let k = u + 37. Calculate the highest common divisor of t and k.
10
Let z = -34 - -94. Suppose i - z = -5*a - 4*i, -4*a + 3*i + 34 = 0. Calculate the greatest common divisor of 90 and a.
10
Suppose 61 = -3*i + 7*i + 3*f, -40 = -4*i + 4*f. Suppose -j + 335 = 5*n - 121, -2*j + 275 = 3*n. Calculate the greatest